{"id":27180,"date":"2025-05-15T09:26:59","date_gmt":"2025-05-15T02:26:59","guid":{"rendered":"https:\/\/vieclam.net\/blog\/?page_id=27180"},"modified":"2025-05-15T09:27:03","modified_gmt":"2025-05-15T02:27:03","slug":"quy-trinh-bien-tap-va-xuat-ban-noi-dung","status":"publish","type":"page","link":"https:\/\/vieclam.net\/blog\/quy-trinh-bien-tap-va-xuat-ban-noi-dung\/","title":{"rendered":"Quy tr\u00ecnh bi\u00ean t\u1eadp v\u00e0 xu\u1ea5t b\u1ea3n n\u1ed9i dung"},"content":{"rendered":"\n<h3 style=\"text-align: justify;\"><b>1. Nguy\u00ean t\u1eafc bi\u00ean t\u1eadp n\u1ed9i dung<\/b><\/h3>\n<figure id=\"attachment_27181\" aria-describedby=\"caption-attachment-27181\" style=\"width: 800px\" class=\"wp-caption alignnone\"><img decoding=\"async\" class=\"size-full wp-image-27181\" src=\"https:\/\/s3.amazonaws.com\/blogcdn.vieclam.net\/blog\/wp-content\/uploads\/2025\/05\/14162124\/nguyen-tac-bien-tap-noi-dung-vieclamnet.jpg\" alt=\"Nguy\u00ean t\u1eafc bi\u00ean t\u1eadp n\u1ed9i dung t\u1ea1i Vieclam.net\" width=\"800\" height=\"450\" srcset=\"https:\/\/s3.amazonaws.com\/blogcdn.vieclam.net\/blog\/wp-content\/uploads\/2025\/05\/14162124\/nguyen-tac-bien-tap-noi-dung-vieclamnet.jpg 800w, https:\/\/s3.amazonaws.com\/blogcdn.vieclam.net\/blog\/wp-content\/uploads\/2025\/05\/14162124\/nguyen-tac-bien-tap-noi-dung-vieclamnet-300x169.jpg 300w, https:\/\/s3.amazonaws.com\/blogcdn.vieclam.net\/blog\/wp-content\/uploads\/2025\/05\/14162124\/nguyen-tac-bien-tap-noi-dung-vieclamnet-768x432.jpg 768w, https:\/\/s3.amazonaws.com\/blogcdn.vieclam.net\/blog\/wp-content\/uploads\/2025\/05\/14162124\/nguyen-tac-bien-tap-noi-dung-vieclamnet-150x84.jpg 150w, https:\/\/s3.amazonaws.com\/blogcdn.vieclam.net\/blog\/wp-content\/uploads\/2025\/05\/14162124\/nguyen-tac-bien-tap-noi-dung-vieclamnet-696x392.jpg 696w, https:\/\/s3.amazonaws.com\/blogcdn.vieclam.net\/blog\/wp-content\/uploads\/2025\/05\/14162124\/nguyen-tac-bien-tap-noi-dung-vieclamnet-747x420.jpg 747w\" sizes=\"(max-width: 800px) 100vw, 800px\" \/><figcaption id=\"caption-attachment-27181\" class=\"wp-caption-text\">Nguy\u00ean t\u1eafc bi\u00ean t\u1eadp n\u1ed9i dung t\u1ea1i Vieclam.net<\/figcaption><\/figure>\n<p style=\"text-align: justify;\"><span style=\"font-weight: 400;\">T\u00f4n ch\u1ec9 c\u1ee7a Vieclam.net l\u00e0 \u0111\u1eb7t l\u1ee3i \u00edch c\u1ee7a ng\u01b0\u1eddi d\u00f9ng l\u00ean h\u00e0ng \u0111\u1ea7u. \u0110\u1ec3 \u0111\u00e1p l\u00e0m \u0111\u01b0\u1ee3c \u0111i\u1ec1u n\u00e0y, Vieclam.net lu\u00f4n tu\u00e2n th\u1ee7 c\u00e1c nguy\u00ean t\u1eafc sau:<\/span><\/p>\n<ul style=\"text-align: justify;\">\n<li style=\"font-weight: 400;\" aria-level=\"1\"><span style=\"font-weight: 400;\">Mang \u0111\u1ebfn th\u00f4ng tin h\u1eefu \u00edch, \u0111\u00e1ng tin c\u1eady, c\u00f3 s\u1ef1 ki\u1ec3m duy\u1ec7t ch\u1eb7t ch\u1ebd b\u1edfi \u0111\u1ed9i ng\u0169 c\u00f3 chuy\u00ean m\u00f4n v\u00e0 kinh nghi\u1ec7m trong l\u0129nh v\u1ef1c.<\/span><\/li>\n<li style=\"font-weight: 400; text-align: justify;\" aria-level=\"1\"><span style=\"font-weight: 400;\">\u0110\u01b0a ra c\u00e1c th\u00f4ng tin trung l\u1eadp, minh b\u1ea1ch, \u0111\u1ea3m b\u1ea3o t\u00ednh c\u00f4ng b\u1eb1ng v\u00e0 kh\u00e1ch quan, kh\u00f4ng \u01b0u ti\u00ean b\u1ea5t k\u1ef3 th\u01b0\u01a1ng hi\u1ec7u n\u00e0o.<\/span><\/li>\n<li style=\"font-weight: 400;\" aria-level=\"1\"><span style=\"font-weight: 400;\">T\u00f4n tr\u1ecdng ng\u01b0\u1eddi \u0111\u1ecdc, kh\u00f4ng s\u1eed d\u1ee5ng nh\u1eefng t\u1eeb ng\u1eef v\u00e0 h\u00ecnh \u1ea3nh, video g\u00e2y ph\u1ea3n c\u1ea3m v\u1edbi ng\u01b0\u1eddi \u0111\u1ecdc.<\/span><\/li>\n<\/ul>\n<h3 style=\"text-align: justify;\"><b>2. Quy tr\u00ecnh xu\u1ea5t b\u1ea3n n\u1ed9i dung<\/b><\/h3>\n<figure id=\"attachment_27182\" aria-describedby=\"caption-attachment-27182\" style=\"width: 800px\" class=\"wp-caption alignnone\"><img decoding=\"async\" class=\"size-full wp-image-27182\" src=\"https:\/\/s3.amazonaws.com\/blogcdn.vieclam.net\/blog\/wp-content\/uploads\/2025\/05\/14162210\/quy-trinh-bien-tap-va-xuat-ban-noi-dung-vieclamnet.jpg\" alt=\"Quy tr\u00ecnh bi\u00ean t\u1eadp v\u00e0 xu\u1ea5t b\u1ea3n n\u1ed9i dung t\u1ea1i Vieclam.net\" width=\"800\" height=\"450\" srcset=\"https:\/\/s3.amazonaws.com\/blogcdn.vieclam.net\/blog\/wp-content\/uploads\/2025\/05\/14162210\/quy-trinh-bien-tap-va-xuat-ban-noi-dung-vieclamnet.jpg 800w, https:\/\/s3.amazonaws.com\/blogcdn.vieclam.net\/blog\/wp-content\/uploads\/2025\/05\/14162210\/quy-trinh-bien-tap-va-xuat-ban-noi-dung-vieclamnet-300x169.jpg 300w, https:\/\/s3.amazonaws.com\/blogcdn.vieclam.net\/blog\/wp-content\/uploads\/2025\/05\/14162210\/quy-trinh-bien-tap-va-xuat-ban-noi-dung-vieclamnet-768x432.jpg 768w, https:\/\/s3.amazonaws.com\/blogcdn.vieclam.net\/blog\/wp-content\/uploads\/2025\/05\/14162210\/quy-trinh-bien-tap-va-xuat-ban-noi-dung-vieclamnet-150x84.jpg 150w, https:\/\/s3.amazonaws.com\/blogcdn.vieclam.net\/blog\/wp-content\/uploads\/2025\/05\/14162210\/quy-trinh-bien-tap-va-xuat-ban-noi-dung-vieclamnet-696x392.jpg 696w, https:\/\/s3.amazonaws.com\/blogcdn.vieclam.net\/blog\/wp-content\/uploads\/2025\/05\/14162210\/quy-trinh-bien-tap-va-xuat-ban-noi-dung-vieclamnet-747x420.jpg 747w\" sizes=\"(max-width: 800px) 100vw, 800px\" \/><figcaption id=\"caption-attachment-27182\" class=\"wp-caption-text\">Quy tr\u00ecnh bi\u00ean t\u1eadp v\u00e0 xu\u1ea5t b\u1ea3n n\u1ed9i dung t\u1ea1i Vieclam.net<\/figcaption><\/figure>\n<p style=\"text-align: justify;\"><span style=\"font-weight: 400;\">Nh\u1eb1m mang l\u1ea1i nh\u1eefng th\u00f4ng tin x\u00e1c th\u1ef1c, c\u00f3 gi\u00e1 tr\u1ecb v\u00e0 h\u1eefu \u00edch cho ng\u01b0\u1eddi \u0111\u1ecdc, Vieclam.net \u0111\u00e3 x\u00e2y d\u1ef1ng quy tr\u00ecnh bi\u00ean t\u1eadp v\u00e0 xu\u1ea5t b\u1ea3n n\u1ed9i dung g\u1ed3m c\u00e1c b\u01b0\u1edbc sau:<\/span><\/p>\n<h4 style=\"text-align: justify;\"><b>B\u01b0\u1edbc 1: X\u00e1c \u0111\u1ecbnh \u00fd t\u01b0\u1edfng<\/b><\/h4>\n<p style=\"text-align: justify;\"><span style=\"font-weight: 400;\">B\u01b0\u1edbc \u0111\u1ea7u ti\u00ean trong qu\u00e1 tr\u00ecnh bi\u00ean t\u1eadp n\u1ed9i dung c\u1ee7a Vieclam.net l\u00e0 x\u00e1c \u0111\u1ecbnh \u00fd t\u01b0\u1edfng cho b\u00e0i vi\u1ebft. \u00dd t\u01b0\u1edfng n\u00e0y \u0111\u1ebfn t\u1eeb c\u00e1c ngu\u1ed3n nh\u01b0:<\/span><\/p>\n<ul style=\"text-align: justify;\">\n<li style=\"font-weight: 400;\" aria-level=\"1\"><span style=\"font-weight: 400;\">S\u1ef1 ki\u1ec7n, v\u1ea5n \u0111\u1ec1 li\u00ean quan \u0111\u1ebfn vi\u1ec7c l\u00e0m<\/span><\/li>\n<li style=\"font-weight: 400;\" aria-level=\"1\"><span style=\"font-weight: 400;\">Xu h\u01b0\u1edbng vi\u1ec7c l\u00e0m m\u1edbi nh\u1ea5t hi\u1ec7n nay<\/span><\/li>\n<li style=\"font-weight: 400;\" aria-level=\"1\"><span style=\"font-weight: 400;\">Nh\u1eefng c\u00e2u h\u1ecfi, th\u1eafc m\u1eafc c\u1ee7a kh\u00e1ch h\u00e0ng<\/span><\/li>\n<\/ul>\n<p style=\"text-align: justify;\"><span style=\"font-weight: 400;\">Sau khi x\u00e1c \u0111\u1ecbnh \u00fd t\u01b0\u1edfng, \u0111\u1ed9i ng\u0169 nh\u00e2n vi\u00ean s\u1ebd ti\u1ebfn h\u00e0nh nghi\u00ean c\u1ee9u thu th\u1eadp th\u00eam th\u00f4ng tin, ch\u1ee7 \u0111\u1ec1 v\u00e0 t\u1eeb kh\u00f3a, \u0111\u1ea3m b\u1ea3o b\u00e0i vi\u1ebft cung c\u1ea5p n\u1ed9i dung ch\u00ednh x\u00e1c v\u00e0 h\u1eefu \u00edch cho ng\u01b0\u1eddi \u0111\u1ecdc.<\/span><\/p>\n<h4 style=\"text-align: justify;\"><b>B\u01b0\u1edbc 2: L\u00ean outline v\u00e0 ki\u1ec3m duy\u1ec7t<\/b><\/h4>\n<p style=\"text-align: justify;\"><span style=\"font-weight: 400;\">Khi \u0111\u00e3 x\u00e1c \u0111\u1ecbnh \u0111\u01b0\u1ee3c \u00fd t\u01b0\u1edfng v\u00e0 c\u00f3 nh\u1eefng th\u00f4ng tin quan tr\u1ecdng, \u0111\u1ed9i ng\u0169 TTS c\u1ee7a Vieclam.net s\u1ebd ti\u1ebfn h\u00e0nh l\u00ean outline v\u00e0 thu th\u1eadp th\u00eam th\u00f4ng tin vi\u1ebft b\u00e0i t\u1eeb c\u00e1c ngu\u1ed3n uy t\u00edn, m\u1ed7i outline \u0111\u1ec1u ph\u1ea3i \u0111\u00e1p \u1ee9ng \u0111\u1ee7 c\u00e1c ti\u00eau ch\u00ed sau:<\/span><\/p>\n<ul style=\"text-align: justify;\">\n<li style=\"font-weight: 400;\" aria-level=\"1\"><span style=\"font-weight: 400;\">Ch\u1ecdn l\u1ecdc nh\u1eefng ngu\u1ed3n tin v\u00e0 trang web uy t\u00edn, \u0111\u00e1ng tin c\u1eady<\/span><\/li>\n<li style=\"font-weight: 400;\" aria-level=\"1\"><span style=\"font-weight: 400;\">Ki\u1ec3m tra t\u00ednh ch\u00ednh x\u00e1c c\u1ee7a c\u00e1c th\u00f4ng tin \u0111\u1ebfn t\u1eeb c\u00e1c ngu\u1ed3n<\/span><\/li>\n<li style=\"font-weight: 400;\" aria-level=\"1\"><span style=\"font-weight: 400;\">Thu th\u1eadp \u0111\u1ea7y \u0111\u1ee7 th\u00f4ng tin c\u1ea7n thi\u1ebft v\u00e0 ch\u1ea5t l\u01b0\u1ee3ng \u0111\u1ec3 vi\u1ebft b\u00e0i<\/span><\/li>\n<\/ul>\n<p style=\"text-align: justify;\"><span style=\"font-weight: 400;\">Sau khi ho\u00e0n th\u00e0nh, outline n\u00e0y s\u1ebd \u0111\u01b0\u1ee3c chuy\u1ec3n \u0111\u1ebfn cho \u0111\u1ed9i ng\u0169 nh\u00e2n vi\u00ean c\u00f3 chuy\u00ean m\u00f4n v\u00e0 kinh nghi\u1ec7m \u0111\u1ec3 ki\u1ec3m duy\u1ec7t n\u1ed9i dung outline c\u1ee7a b\u00e0i vi\u1ebft.<\/span><\/p>\n<h4 style=\"text-align: justify;\"><b>B\u01b0\u1edbc 3: Vi\u1ebft b\u00e0i<\/b><\/h4>\n<p style=\"text-align: justify;\"><span style=\"font-weight: 400;\">Khi outline \u0111\u01b0\u1ee3c ki\u1ec3m duy\u1ec7t, \u0111\u1ed9i ng\u0169 CTV c\u00f3 chuy\u00ean m\u00f4n c\u1ee7a Vieclam.net s\u1ebd ti\u1ebfn h\u00e0nh vi\u1ebft b\u00e0i. C\u00e1c b\u00e0i vi\u1ebft \u0111\u1ec1u c\u1ea7n \u0111\u00e1p \u1ee9ng \u0111\u1ee7 c\u00e1c ti\u00eau ch\u00ed:<\/span><\/p>\n<ul style=\"text-align: justify;\">\n<li style=\"font-weight: 400;\" aria-level=\"1\"><b>T\u00ednh ch\u00ednh x\u00e1c:<\/b><span style=\"font-weight: 400;\"> N\u1ed9i dung b\u00e0i vi\u1ebft ph\u1ea3i d\u1ef1a v\u00e0o c\u00e1c ngu\u1ed3n th\u00f4ng tin uy t\u00edn, \u0111\u00e1ng tin c\u1eady.<\/span><\/li>\n<li style=\"font-weight: 400;\" aria-level=\"1\"><b>T\u00ednh h\u1eefu \u00edch:<\/b><span style=\"font-weight: 400;\"> B\u00e0i vi\u1ebft c\u1ea7n ph\u1ea3i cung c\u1ea5p nh\u1eefng th\u00f4ng tin c\u00f3 gi\u00e1 tr\u1ecb v\u00e0 h\u1eefu \u00edch cho ng\u01b0\u1eddi \u0111\u1ecdc.<\/span><\/li>\n<li style=\"font-weight: 400;\" aria-level=\"1\"><b>T\u00ednh c\u1eadp nh\u1eadt: <\/b><span style=\"font-weight: 400;\">B\u00e0i vi\u1ebft c\u1ea7n ph\u1ea3i \u0111\u01b0\u1ee3c c\u1eadp nh\u1eadt \u0111\u1ec3 \u0111\u1ea3m b\u1ea3o ph\u1ea3n \u00e1nh \u0111\u00fang th\u1ef1c t\u1ebf t\u1ea1i th\u1eddi \u0111i\u1ec3m \u0111\u0103ng t\u1ea3i<\/span><\/li>\n<li style=\"font-weight: 400;\" aria-level=\"1\"><b>T\u00ednh m\u1ea1ch l\u1ea1c:<\/b><span style=\"font-weight: 400;\"> B\u00e0i vi\u1ebft c\u1ea7n ph\u1ea3i s\u00fac t\u00edch, m\u1ea1ch l\u1ea1c, d\u1ec5 hi\u1ec3u, th\u00e2n thi\u1ec7n v\u1edbi ng\u01b0\u1eddi \u0111\u1ecdc.<\/span><\/li>\n<li style=\"font-weight: 400;\" aria-level=\"1\"><b>T\u00ednh h\u1ea5p d\u1eabn:<\/b><span style=\"font-weight: 400;\"> B\u00e0i vi\u1ebft s\u1eed d\u1ee5ng c\u00e1c h\u00ecnh \u1ea3nh, video minh h\u1ecda h\u1ea5p d\u1eabn, l\u00e0m r\u00f5 \u0111\u01b0\u1ee3c n\u1ed9i dung.<\/span><\/li>\n<\/ul>\n<h4 style=\"text-align: justify;\"><b>B\u01b0\u1edbc 4: Ki\u1ec3m duy\u1ec7t b\u00e0i vi\u1ebft<\/b><\/h4>\n<p style=\"text-align: justify;\"><span style=\"font-weight: 400;\">Sau khi b\u00e0i vi\u1ebft \u0111\u01b0\u1ee3c vi\u1ebft xong s\u1ebd \u0111\u01b0\u1ee3c chuy\u1ec3n cho \u0111\u1ed9i ng\u0169 c\u00f3 chuy\u00ean m\u00f4n v\u00e0 kinh nghi\u1ec7m t\u1ea1i Vieclam.net ki\u1ec3m duy\u1ec7t \u0111\u1ec3 \u0111\u1ea3m b\u1ea3o ch\u1ea5t l\u01b0\u1ee3ng. Qu\u00e1 tr\u00ecnh ki\u1ec3m duy\u1ec7t n\u00e0y s\u1ebd di\u1ec5n ra nh\u01b0 sau:<\/span><\/p>\n<ul style=\"text-align: justify;\">\n<li style=\"font-weight: 400;\" aria-level=\"1\"><span style=\"font-weight: 400;\">Ki\u1ec3m tra c\u00e1c l\u1ed7i ch\u00ednh t\u1ea3 v\u00e0 c\u00e2u t\u1eeb di\u1ec5n \u0111\u1ea1t<\/span><\/li>\n<li style=\"font-weight: 400;\" aria-level=\"1\"><span style=\"font-weight: 400;\">Ki\u1ec3m tra t\u00ednh ch\u00ednh x\u00e1c c\u1ee7a n\u1ed9i dung<\/span><\/li>\n<li style=\"font-weight: 400;\" aria-level=\"1\"><span style=\"font-weight: 400;\">Ki\u1ec3m tra t\u00ednh h\u1eefu \u00edch m\u00e0 b\u00e0i vi\u1ebft mang l\u1ea1i<\/span><\/li>\n<li style=\"font-weight: 400;\" aria-level=\"1\"><span style=\"font-weight: 400;\">Ki\u1ec3m tra t\u00ednh m\u1ea1ch l\u1ea1c, h\u1ea5p d\u1eabn c\u1ee7a b\u00e0i vi\u1ebft<\/span><\/li>\n<\/ul>\n<h4 style=\"text-align: justify;\"><b>B\u01b0\u1edbc 5: Xu\u1ea5t b\u1ea3n<\/b><\/h4>\n<p style=\"text-align: justify;\"><span style=\"font-weight: 400;\">Khi b\u00e0i vi\u1ebft \u0111\u01b0\u1ee3c ki\u1ec3m duy\u1ec7t v\u00e0 \u0111\u1ea1t y\u00eau c\u1ea7u, \u0111\u1ed9i ng\u0169 Vieclam.net s\u1ebd ti\u1ebfn h\u00e0nh xu\u1ea5t b\u1ea3n n\u1ed9i dung b\u00e0i vi\u1ebft tr\u00ean website Vieclam.net. <\/span><\/p>\n","protected":false},"excerpt":{"rendered":"<p>1. Nguy\u00ean t\u1eafc bi\u00ean t\u1eadp n\u1ed9i dung T\u00f4n ch\u1ec9 c\u1ee7a Vieclam.net l\u00e0 \u0111\u1eb7t l\u1ee3i \u00edch c\u1ee7a ng\u01b0\u1eddi d\u00f9ng l\u00ean h\u00e0ng \u0111\u1ea7u. \u0110\u1ec3 \u0111\u00e1p l\u00e0m \u0111\u01b0\u1ee3c \u0111i\u1ec1u n\u00e0y, Vieclam.net lu\u00f4n tu\u00e2n th\u1ee7 c\u00e1c nguy\u00ean t\u1eafc sau: Mang \u0111\u1ebfn th\u00f4ng tin h\u1eefu \u00edch, \u0111\u00e1ng tin c\u1eady, c\u00f3 s\u1ef1 ki\u1ec3m duy\u1ec7t ch\u1eb7t ch\u1ebd b\u1edfi \u0111\u1ed9i ng\u0169 c\u00f3 chuy\u00ean [&hellip;]<\/p>\n","protected":false},"author":34,"featured_media":27182,"parent":0,"menu_order":0,"comment_status":"closed","ping_status":"closed","template":"","meta":{"_acf_changed":false,"ub_ctt_via":"","footnotes":""},"class_list":["post-27180","page","type-page","status-publish","has-post-thumbnail"],"acf":[],"featured_image_src":"https:\/\/s3.amazonaws.com\/blogcdn.vieclam.net\/blog\/wp-content\/uploads\/2025\/05\/14162210\/quy-trinh-bien-tap-va-xuat-ban-noi-dung-vieclamnet.jpg","_links":{"self":[{"href":"https:\/\/vieclam.net\/blog\/wp-json\/wp\/v2\/pages\/27180","targetHints":{"allow":["GET"]}}],"collection":[{"href":"https:\/\/vieclam.net\/blog\/wp-json\/wp\/v2\/pages"}],"about":[{"href":"https:\/\/vieclam.net\/blog\/wp-json\/wp\/v2\/types\/page"}],"author":[{"embeddable":true,"href":"https:\/\/vieclam.net\/blog\/wp-json\/wp\/v2\/users\/34"}],"replies":[{"embeddable":true,"href":"https:\/\/vieclam.net\/blog\/wp-json\/wp\/v2\/comments?post=27180"}],"version-history":[{"count":2,"href":"https:\/\/vieclam.net\/blog\/wp-json\/wp\/v2\/pages\/27180\/revisions"}],"predecessor-version":[{"id":29370,"href":"https:\/\/vieclam.net\/blog\/wp-json\/wp\/v2\/pages\/27180\/revisions\/29370"}],"wp:featuredmedia":[{"embeddable":true,"href":"https:\/\/vieclam.net\/blog\/wp-json\/wp\/v2\/media\/27182"}],"wp:attachment":[{"href":"https:\/\/vieclam.net\/blog\/wp-json\/wp\/v2\/media?parent=27180"}],"curies":[{"name":"wp","href":"https:\/\/api.w.org\/{rel}","templated":true}]}}